 5
List the prime factors of 7663.
79, 97
What are the prime factors of 1022?
2, 7, 73
What are the prime factors of 14340?
2, 3, 5, 239
What are the prime factors of 490?
2, 5, 7
What are the prime factors of 7867?
7867
What are the prime factors of 300?
2, 3, 5
What are the prime factors of 2187?
3
What are the prime factors of 468?
2, 3, 13
What are the prime factors of 3121?
3121
What are the prime factors of 648?
2, 3
List the prime factors of 80544.
2, 3, 839
What are the prime factors of 732?
2, 3, 61
What are the prime factors of 4642?
2, 11, 211
List the prime factors of 2410.
2, 5, 241
List the prime factors of 1168.
2, 73
What are the prime factors of 473?
11, 43
List the prime factors of 34389.
3, 3821
What are the prime factors of 27032?
2, 31, 109
List the prime factors of 2469.
3, 823
What are the prime factors of 358?
2, 179
List the prime factors of 23223.
3, 7741
What are the prime factors of 11047?
11047
What are the prime factors of 865?
5, 173
List the prime factors of 887.
887
List the prime factors of 9641.
31, 311
What are the prime factors of 448?
2, 7
What are the prime factors of 3284?
2, 821
What are the prime factors of 148?
2, 37
List the prime factors of 1035.
3, 5, 23
List the prime factors of 164434.
2, 82217
List the prime factors of 701.
701
What are the prime factors of 18406?
2, 9203
What are the prime factors of 3175?
5, 127
What are the prime factors of 1052?
2, 263
List the prime factors of 39823.
7, 5689
List the prime factors of 1226.
2, 613
List the prime factors of 956.
2, 239
What are the prime factors of 34506?
2, 3, 71
What are the prime factors of 1851?
3, 617
List the prime factors of 11093.
11093
List the prime factors of 7472.
2, 467
What are the prime factors of 980?
2, 5, 7
What are the prime factors of 14460?
2, 3, 5, 241
List the prime factors of 457.
457
What are the prime factors of 567?
3, 7
List the prime factors of 2299.
11, 19
List the prime factors of 1824.
2, 3, 19
What are the prime factors of 3884?
2, 971
What are the prime factors of 820?
2, 5, 41
What are the prime factors of 18303?
3, 6101
List the prime factors of 2857.
2857
What are the prime factors of 462?
2, 3, 7, 11
What are the prime factors of 6049?
23, 263
List the prime factors of 560.
2, 5, 7
What are the prime factors of 18246?
2, 3, 3041
List the prime factors of 30219.
3, 7, 1439
List the prime factors of 8394.
2, 3, 1399
What are the prime factors of 23348?
2, 13, 449
What are the prime factors of 81?
3
What are the prime factors of 2936?
2, 367
List the prime factors of 538.
2, 269
List the prime factors of 77542.
2, 137, 283
What are the prime factors of 4788?
2, 3, 7, 19
List the prime factors of 2001.
3, 23, 29
What are the prime factors of 20341?
20341
List the prime factors of 980.
2, 5, 7
List the prime factors of 109942.
2, 7, 7853
What are the prime factors of 9062?
2, 23, 197
What are the prime factors of 8908?
2, 17, 131
List the prime factors of 73451.
7, 1499
List the prime factors of 83113.
17, 4889
List the prime factors of 15623.
17, 919
List the prime factors of 1497.
3, 499
What are the prime factors of 36745?
5, 7349
What are the prime factors of 481?
13, 37
List the prime factors of 560.
2, 5, 7
What are the prime factors of 9920?
2, 5, 31
What are the prime factors of 115457?
263, 439
List the prime factors of 22316.
2, 7, 797
What are the prime factors of 16852?
2, 11, 383
What are the prime factors of 1321?
1321
List the prime factors of 1062.
2, 3, 59
What are the prime factors of 5936?
2, 7, 53
List the prime factors of 2454.
2, 3, 409
What are the prime factors of 10097?
23, 439
What are the prime factors of 1028?
2, 257
List the prime factors of 51365.
5, 10273
What are the prime factors of 20096?
2, 157
What are the prime factors of 13213?
73, 181
List the prime factors of 4002.
2, 3, 23, 29
What are the prime factors of 75272?
2, 97
What are the prime factors of 10558?
2, 5279
List the prime factors of 2690.
2, 5, 269
What are the prime factors of 12602?
2, 6301
List the prime factors of 19341.
3, 7, 307
List the prime factors of 43.
43
What are the prime factors of 18356?
2, 13, 353
What are the prime factors of 22027?
22027
What are the prime factors of 30002?
2, 7, 2143
What are the prime factors of 7143?
3, 2381
List the prime factors of 2062.
2, 1031
List the prime factors of 12096.
2, 3, 7
List the prime factors of 626.
2, 313
What are the prime factors of 12711?
3, 19, 223
What are the prime factors of 689?
13, 53
List the prime factors of 17607.
3, 5869
List the prime factors of 22990.
2, 5, 11, 19
What are the prime factors of 736?
2, 23
What are the prime factors of 6449?
6449
List the prime factors of 89868.
2, 3, 7489
List the prime factors of 1079.
13, 83
List the prime factors of 1720.
2, 5, 43
List the prime factors of 11779.
11779
What are the prime factors of 821?
821
What are the prime factors of 1256?
2, 157
What are the prime factors of 3393?
3, 13, 29
List the prime factors of 8353.
8353
List the prime factors of 115922.
2, 149, 389
List the prime factors of 8788.
2, 13
What are the prime factors of 44586?
2, 3, 2477
What are the prime factors of 2020?
2, 5, 101
What are the prime factors of 25383?
3, 8461
What are the prime factors of 281?
281
What are the prime factors of 277?
277
List the prime factors of 225.
3, 5
List the prime factors of 2303.
7, 47
What are the prime factors of 98155?
5, 67, 293
What are the prime factors of 6017?
11, 547
What are the prime factors of 5858?
2, 29, 101
What are the prime factors of 76487?
76487
What are the prime factors of 779?
19, 41
List the prime factors of 3096.
2, 3, 43
List the prime factors of 2792.
2, 349
List the prime factors of 34640.
2, 5, 433
What are the prime factors of 5176?
2, 647
List the prime factors of 3666.
2, 3, 13, 47
What are the prime factors of 128730?
2, 3, 5, 7, 613
List the prime factors of 6127.
11, 557
What are the prime factors of 2642?
2, 1321
What are the prime factors of 1340?
2, 5, 67
List the prime factors of 16380.
2, 3, 5, 7, 13
What are the prime factors of 6640?
2, 5, 83
List the prime factors of 1551.
3, 11, 47
List the prime factors of 19079.
19079
What are the prime factors of 56400?
2, 3, 5, 47
List the prime factors of 9225.
3, 5, 41
What are the prime factors of 2398?
2, 11, 109
List the prime factors of 19923.
3, 29, 229
List the prime factors of 1905.
3, 5, 127
List the prime factors of 2506.
2, 7, 179
List the prime factors of 9798.
2, 3, 23, 71
What are the prime factors of 1008?
2, 3, 7
List the prime factors of 542.
2, 271
List the prime factors of 64603.
7, 11, 839
List the prime factors of 2764.
2, 691
List the prime factors of 1949.
1949
What are the prime factors of 446?
2, 223
List the prime factors of 705.
3, 5, 47
What are the prime factors of 40022?
2, 20011
What are the prime factors of 1121?
19, 59
What are the prime factors of 389?
389
List the prime factors of 8324.
2, 2081
List the prime factors of 410.
2, 5, 41
What are the prime factors of 9991?
97, 103
List the prime factors of 17343.
3, 41, 47
What are the prime factors of 22665?
3, 5, 1511
What are the prime factors of 1747?
1747
List the prime factors of 2630.
2, 5, 263
What are the prime factors of 2927?
2927
What are the prime factors of 9687?
3, 3229
What are the prime factors of 89570?
2, 5, 13, 53
What are the prime factors of 2975?
5, 7, 17
List the prime factors of 3008.
2, 47
What are the prime factors of 9651?
3, 3217
What are the prime factors of 267?
3, 89
What are the prime factors of 3091?
11, 281
List the prime factors of 10164.
2, 3, 7, 11
What are the prime factors of 259?
7, 37
List the prime factors of 24.
2, 3
List the prime factors of 35074.
2, 13, 19, 71
What are the prime factors of 2849?
7, 11, 37
List the prime factors of 12915.
3, 5, 7, 41
What are the prime factors of 3240?
2, 3, 5
What are the prime factors of 7663?
79, 97
What are the prime factors of 28466?
2, 43, 331
What are the prime factors of 1584?
2, 3, 11
What are the prime factors of 8572?
2, 2143
What are the prime factors of 49721?
7, 7103
What are the prime factors of 3054?
2, 3, 509
What are the prime factors of 3527?
3527
What are the prime factors of 64972?
2, 37, 439
What are the prime factors of 31894?